hat is u(r)?
23
Let r(z) = 0*z**2 - 5*z**2 + 7*z**2 + z**3 + 6 + 2*z + 3*z**2. Give r(-4).
14
Let k = 10 - 2. Let f be ((-8)/(-3))/(k/12). Let d(o) = 2*o**2 - 2*o**3 - 5*o**2 - 3 + 3*o**3 - 5*o. Calculate d(f).
-7
Let b(r) = 3*r**3 + 12*r**2 + 9*r - 2. Let f(n) = n**3 - n + 1. Let a(w) = b(w) - 2*f(w). Give a(-11).
-4
Let f = 17 - 10. Let x = -3 + f. Let z(g) = -2*g**2 - 6*g + 3*g**2 + 5 - 1. What is z(x)?
-4
Let v(t) = t + 2*t**2 + t**2 - 5 + 6. Let m(f) = f**2 - f - 1. Let n be m(-1). Let o = 0 - n. Give v(o).
3
Suppose -4*z + 4*p - 24 = -0*z, 3*p = -5*z - 30. Let y(h) = 2*h + 3. Give y(z).
-9
Suppose x = 3*x - 8. Let i(l) = -l**3 + 5*l**2 - 2*l + 1. Give i(x).
9
Let c(s) be the third derivative of -s**5/60 + s**4/6 - 5*s**3/6 - 2*s**2. Let w = 0 - 9. Let r be (-6)/w*-2*-3. Give c(r).
-5
Let v(w) = -1. Suppose 5*x = 7*x - 24. Let q(o) = -2*o + 14. Let i(f) = x*v(f) + q(f). Give i(-2).
6
Let y(s) = -s**3 + s**2 + 2. Suppose 0*g = 4*g + 12. Let o be 2/(-3) - 2/g. Determine y(o).
2
Let l(b) = -17*b**3 - 17*b**2 - 13*b + 9. Let r(w) = 4*w**3 + 4*w**2 + 3*w - 2. Let j(v) = -2*l(v) - 9*r(v). Calculate j(-1).
1
Let i(n) = -n + 1. Let z(j) = -4*j + 2. Let v(m) = 3*i(m) - z(m). Let c be v(-1). Let s(k) = -k**2. What is s(c)?
0
Let c(q) = q - 9. Let n(t) = -1. Let b(r) = -c(r) + 5*n(r). Calculate b(6).
-2
Let u(f) = f**3 - 6*f**2 + 6*f - 3. Let a(k) = -k**3 + k**2 + 2. Let v be a(0). Let i be v/(-4) + 7/2. Suppose -i*y + 0 = -15. What is u(y)?
2
Let j(k) = 6*k - 3. Let d = 118 + -116. Give j(d).
9
Let s(b) = -3*b**2 + b + 5. Let l(x) = 7*x**2 - 2*x - 10. Let i(u) = -2*l(u) - 5*s(u). Calculate i(4).
7
Suppose -u + 4 = h, 0 = -3*h - 4*u + 11. Let g(i) = -i. Let f(a) = a**3 - 5*a**2 - 2*a - 6. Let o(w) = -f(w) + 3*g(w). Determine o(h).
1
Let b = -2/145 - -157/870. Let u(c) be the third derivative of 0 - 1/6*c**3 + 0*c + b*c**4 - c**2. Determine u(-1).
-5
Let m(v) = -v**3 - 5*v**2 - 2*v. Let j(h) = 2*h**3 + 5*h**2 + 3*h - 1. Let n(i) = 2*j(i) + 3*m(i). Suppose 4*a = 5*a - 5. Determine n(a).
-2
Suppose -10 = 3*r + 2. Let p(t) = 2 + t - 1 + 1. What is p(r)?
-2
Let b(m) = -m + 1. Let n(p) = -8*p - 2 - 2 + 4 + 1 - p**2. Suppose -a - 1 = 7. Let l be n(a). Determine b(l).
0
Let m = -18 + 30. Let u(w) = 6*w + 5 - m*w + 1 - 3. Calculate u(2).
-9
Let d(q) = -q**2 + 6*q - 2. Let r be d(5). Let b(x) = -4*x**2 + 2*x**3 - 3 + 5 + 1 - r*x**3. Determine b(-3).
-6
Let n(j) be the third derivative of -j**8/20160 - j**7/1680 - j**5/20 + 4*j**2. Let d(u) be the third derivative of n(u). What is d(-3)?
0
Let d(s) = -4 + 1 + 1 + 1 - 5*s. Calculate d(1).
-6
Let r be (-18)/7 - 9/21. Let n(c) = c**2 + c + 4. Give n(r).
10
Let i(z) = 5*z - 8. Let h(b) = 4*b - 7. Let r(j) = 6*h(j) - 5*i(j). Give r(-5).
3
Let p(k) = -2*k. Let j(l) = -l**3 - 4*l**2 + 5*l + 6. Let r be j(-5). Suppose 2*s - r*s = 8. What is p(s)?
4
Suppose 2 = -0*j - j + 2*h, 34 = -3*j - h. Let l be ((-8)/j)/((-1)/5). Let b = l - -9. Let c(v) = -v**3 + 5*v**2 - 2. Calculate c(b).
-2
Let u(y) = y**3 - y**2 + 1. Let d(f) = 5*f**3 - 9*f**2 + f + 9. Let k(w) = -d(w) + 4*u(w). Calculate k(4).
7
Let l(v) = 2 + v - v - 5*v. Let j(c) = -c + 1. Let y(i) = -3*j(i) + l(i). Let m(x) = 5*x + 71. Let h be m(-15). Calculate y(h).
7
Suppose 2*m = 4*m + 12. Let t(a) = a**3 - 2*a**3 + 2*a**3 - 2*a + 7*a**2 + 8*a - 2. Give t(m).
-2
Let f be (3*1)/(18/24). Let u(j) = -j + 3 + 3 - f + 2. Give u(4).
0
Let m(t) be the second derivative of 1/6*t**3 - t**2 + 2*t + 0. Give m(5).
3
Let m be (-1)/3 - 7/(-3). Let d(v) = 2*v - 3 + 0*v**2 + 0*v**2 + v**3 - 2*v**2 + 2*v. Calculate d(m).
5
Suppose 37*b - 5 = -116. Let q(w) be the third derivative of -w**5/60 - 5*w**4/24 - w**3/2 + w**2. Determine q(b).
3
Let i(j) = -1. Let p(d) = -d - 11. Suppose -5*b = -4*v + 3 + 1, v = -5*b - 24. Let u(s) = v*i(s) + p(s). Calculate u(-3).
-4
Let d(b) be the first derivative of -4/3*b**3 + 2*b + 0*b**2 + 5. Give d(2).
-14
Let x(r) = -r**2 + r + 7. Suppose 32*g - 33*g + 5 = 0. Give x(g).
-13
Let x(l) = -l**2 - 4*l - 7. Let d(p) = 2*p - 1. Let n be d(-2). What is x(n)?
-12
Let q = 11 + -17. Let i be (1 - q/(-3))*-1. Let r(z) = -19*z + 2. Let w(x) = 10*x - 1. Let c(g) = -4*r(g) - 7*w(g). What is c(i)?
5
Let h(n) = n**2 - 8*n + 9. Suppose 0 = d - 2*r - 12, -r - 20 - 13 = -5*d. Determine h(d).
-3
Let f(a) = -a**3 - a**2 + 2*a. Suppose -69 = -4*r + 7. Let m = r - 21. What is f(m)?
0
Let m(u) = u**3 + 2*u**2 + 4*u - 4. Let w(v) = -v**2 + v. Let d(b) = -m(b) + 3*w(b). Let r be 1 - ((-2)/3)/(4/(-36)). Determine d(r).
9
Let f(y) = y**2 + 14*y + 33. Let n be f(-11). Let p(k) = k + 3. Calculate p(n).
3
Let n = 3 - 0. Suppose n*a - 5 = -2*a. Let s(z) = 4 - a + z + 0. What is s(-4)?
-1
Suppose 9 = 2*n - 4*n + s, -5*n + 3*s - 25 = 0. Let k(a) = -a**3 - 2*a**2 + 2. What is k(n)?
2
Let a(c) = c**3 - 3*c**2 - 2*c + 3. Let p = -4 - -8. Suppose -p*u = -3*u - 3. Calculate a(u).
-3
Let s(q) = -4*q**2 + 17*q - 3. Let d be s(4). Let g(b) = -20*b**2 + 1. What is g(d)?
-19
Let k = 10 - -4. Suppose -2*w - 2*j - k = -j, -5*w - 3*j = 36. Let x(v) = -2*v - 4. Calculate x(w).
8
Let f = -3 + 6. Let c(s) = 4 - 7*s + s**2 - s**f + 0*s**3 + 2*s**2 + 2*s**2. Let m = 11 + -7. Determine c(m).
-8
Let w(x) be the first derivative of x**2/2 + 12*x - 50. Calculate w(-9).
3
Let f(q) be the first derivative of q**2 - 6*q - 2. Calculate f(-6).
-18
Let d(g) = g**2 + g - 1. Let l(v) = -5*v**2 + 3*v. Suppose 0 = -3*u - 2*u + 5. Let c(s) = u*l(s) + 4*d(s). Give c(7).
-4
Let r(a) = -1. Let i(k) = -6*k + 8. Let b(g) = -i(g) - 8*r(g). Calculate b(2).
12
Let p(s) be the second derivative of -s**5/20 - s**2/2 - 3*s. Determine p(0).
-1
Let n(r) = -r**3 + 5*r**2 - 2. Suppose 3*t - 11 = -p + 2*p, -2*p + 10 = 2*t. Give n(t).
14
Let m(b) = -3 - 2 + 4 + 8*b**2. Give m(-1).
7
Let r(u) = 13*u**3 - u**2 + 1. Let f(k) = k**3 - 4*k**2 + 1. Let i be f(4). Let s be i/(-5) + 24/20. What is r(s)?
13
Let s(h) = 5 + 3*h - 5. Let n = -9 - -11. Give s(n).
6
Let t(o) = o**3 - 2*o**2 - 1. Let r = -18 - -20. What is t(r)?
-1
Let v(l) be the second derivative of l**5/20 + 5*l**4/12 - 5*l**3/6 - 3*l**2 - 8*l. What is v(-6)?
-12
Let z(g) = -g**2 - 7*g - 4. Let f(i) = 4*i - 3. Let p be f(2). Let h = p - 2. Suppose h*r = 2*r - 5. Calculate z(r).
6
Let u be 2/(-1 - (-10)/6). Let d(t) = 6 - 7*t + 5 + 4*t**2 - 4 - u*t**2. Determine d(6).
1
Let x(m) = -3*m**3 + m**2 - 2*m + 1. Let i be x(1). Let f(w) be the second derivative of -w**3/6 - w**2/2 - w. What is f(i)?
2
Let y(j) = j**2 - 4*j + 3. Let x be y(4). Let t(l) be the first derivative of 0*l - 3/2*l**2 + 4. Give t(x).
-9
Let w(f) = -265*f**2 + 2 - 3 + 262*f**2. Calculate w(-2).
-13
Let f(j) = -j**2 - 6*j - 4. Suppose -5*q = -12 - 23. Suppose 0 = -3*h - 2*m - 9, 3*h + m + 5 = -q. Calculate f(h).
1
Let o(w) = -13*w**2 + 1. Let m be (-15)/(3 - -2) + 2. What is o(m)?
-12
Let g(t) = -t**2 + 8*t + 4. Let d(j) = 5*j**2 - 33*j - 16. Let u(l) = 2*d(l) + 9*g(l). Let c(z) = z + 1. Let o be c(-7). Determine u(o).
4
Let a(l) = -9*l**3 + l**2. Suppose -7*t = b - 2*t - 25, -4*b - 2*t = -10. Let h be b/(-4) + 3 - 2. Calculate a(h).
-8
Let g(c) = 41 + c**3 + 0*c**3 - 6*c**2 - 7*c - 2*c**3 - 39. Determine g(-5).
12
Let n(q) = 0*q - 3 - q**2 + q - 4*q + 1. Let k be n(-3). Let w(s) = -s**2 + 1. Calculate w(k).
-3
Let a be (-7)/(-3 + -1 + 3). Let k(l) = -a + 2 - l + 0. Give k(0).
-5
Let b(c) = -7*c**3 - c**2 - c. Let p(u) = -u**2 + 24. Let j be p(-5). Give b(j).
7
Let r(o) = 8*o + o**2 + 8 - 2*o - 14*o. What is r(5)?
-7
Let p be 3/(-15) - 18/10. Let b(x) = -5*x + 1. Give b(p).
11
Let q(j) = -j - 7. Let w be q(-12). Let g be -1*3*(-4)/6. Let z(c) = -4 + c + g - 3. Calculate z(w).
0
Let w(h) = 5*h**2 - 9*h + 4. Let m(t) = -10*t**2 + 19*t - 9. Let n(k) = 3*m(k) + 7*w(k). Let v(x) = x**2. Let u(b) = n(b) - 6*v(b). Calculate u(-5).
6
Suppose -4*b - b = -10. Let i(y) = 2*y**2 + 0*y**2 - 2 + 3*y**2 - 3*y - 4*y**b. Determine i(5).
8
Let b = 5 - 12. Let p = 10 + b. Suppose k + 28 = 5*l - k, -2*l + 20 = -p*k. Let o(m) = m. What is o(l)?
4
Let r(p) = p**3 + p**2 - 3. Let v(k) = -2*k**3 - k**2 + 7. Let f(w) = 5*r(w) + 2*v(w). Calculate f(-3).
-1
Let b be -2 + -4 + 5 + 1. Let g(w) = 2 + 4*w - w**2 + b + 1 + 0. Determine g(3).
6
Let z be -4 + (-1)/(3/6). Let k be (-33)/z + 2/(-4). Let v(d) = 3*d + 0 - 2 + k. Calculate v(-2).